{"id":1466,"date":"2026-03-05T09:53:05","date_gmt":"2026-03-05T12:53:05","guid":{"rendered":"https:\/\/isp65-sfe.infd.edu.ar\/sitio\/?page_id=1466"},"modified":"2026-03-05T10:27:38","modified_gmt":"2026-03-05T13:27:38","slug":"profesorado-de-educacion-tecnologica","status":"publish","type":"page","link":"https:\/\/isp65-sfe.infd.edu.ar\/sitio\/profesorado-de-educacion-tecnologica\/","title":{"rendered":"Profesorado de Educaci\u00f3n Tecnol\u00f3gica"},"content":{"rendered":"<h4>Profesorado de Educaci\u00f3n Tecnol\u00f3gica<\/h4>\n<ul>\n<li>\n<pre><strong>Profesor\/a de Educaci\u00f3n Tecnol\u00f3gica<\/strong><\/pre>\n<\/li>\n<li>\n<pre><strong>Resoluci\u00f3n 2719\/14<\/strong><\/pre>\n<\/li>\n<\/ul>\n<h4>Plan de estudios<\/h4>\n<h5><a href=\"https:\/\/isp65-sfe.infd.edu.ar\/sitio\/wp-content\/uploads\/2026\/03\/DISENO_CURRICULAR_PROFESORADO_DE__EDUCACION_TECNOLOGICA.pdf\">\u2207Descargar el dise\u00f1o curricular<\/a><\/h5>\n<p><strong>1er a\u00f1o<\/strong><\/p>\n<p style=\"padding-left: 40px;\"><em><strong>Unidades curriculares anuales<\/strong><\/em><\/p>\n<p style=\"padding-left: 80px;\">Pedagog\u00eda (3 hs.)<br \/>\nMovimiento y Cuerpo (3 hs.)<br \/>\nPr\u00e1ctica Docente I (3 hs.)<br \/>\nIntroducci\u00f3n a la Tecnolog\u00eda (3 hs.)<br \/>\nHistoria de la Tecnolog\u00eda(3 hs.)<br \/>\nDise\u00f1o y Producci\u00f3n Tecnol\u00f3gica I (5 hs.)<br \/>\nMatem\u00e1tica (5 hs.)<br \/>\nF\u00edsica (5 hs.)<\/p>\n<p><strong>2do a\u00f1o<\/strong><\/p>\n<p style=\"padding-left: 40px;\"><strong><em>Unidades curriculares anuales<\/em><\/strong><\/p>\n<p style=\"padding-left: 80px;\">Psicolog\u00eda y Educaci\u00f3n (4 hs.)<br \/>\nDid\u00e1ctica y Curr\u00edculum (4 hs.)<br \/>\nInstituciones Educativas (3 hs.)<br \/>\nPr\u00e1ctica Docente II (4 hs.)<br \/>\nSujetos de la Educaci\u00f3n I (3 hs.)<br \/>\nTics para la Ense\u00f1anza (3 hs.)<br \/>\nProcesos Productivos (4 hs.)<br \/>\nDise\u00f1o y Producci\u00f3n Tecnol\u00f3gica II (5 hs.)<br \/>\nDid\u00e1ctica Espec\u00edfica I (3 hs.)<\/p>\n<p><strong>3er a\u00f1o<\/strong><\/p>\n<p style=\"padding-left: 40px;\"><em><strong>Unidades curriculares anuales<\/strong><\/em><\/p>\n<p style=\"padding-left: 80px;\">Filosof\u00eda y Educaci\u00f3n (3 hs.)<br \/>\nHistoria Social de la Educaci\u00f3n (3 hs.)<br \/>\nMetodolog\u00eda de la Investigaci\u00f3n (2 hs.)<br \/>\nPr\u00e1ctica Docente III (4 hs.)<br \/>\nSujetos de la Educaci\u00f3n II (4 hs.)<br \/>\nProcesos de Control (3 hs.)<br \/>\nTecnolog\u00edas Regionales (3 hs.)<br \/>\nDise\u00f1o y Producci\u00f3n Tecnol\u00f3gica III (5 hs.)<br \/>\nDid\u00e1ctica Espec\u00edfica II (3 hs.)<\/p>\n<p style=\"padding-left: 40px;\"><strong><em>Unidades curriculares 1\u00b0 cuatrimestre<\/em><\/strong><\/p>\n<p style=\"padding-left: 80px;\">Materiales (1\u00b0Cuatrimestre) (4 hs.)<\/p>\n<p style=\"padding-left: 40px;\"><strong><em>Unidades curriculares 2\u00b0 cuatrimestre<\/em><\/strong><\/p>\n<p style=\"padding-left: 80px;\">Qu\u00edmica (2\u00b0Cuatrimestre) (4 hs.)<\/p>\n<p><strong>4to a\u00f1o<\/strong><\/p>\n<p style=\"padding-left: 40px;\"><em><strong>Unidades curriculares anuales<\/strong><\/em><\/p>\n<p style=\"padding-left: 80px;\">\u00c9tica y Trabajo Docente (2 hs.)<br \/>\nE.S.I. (3 hs.)<br \/>\nPr\u00e1cticas de Investigaci\u00f3n (3 hs.)<br \/>\nPr\u00e1ctica Docente IV &#8211; Residencia (65 hs.)<br \/>\nBiotecnolog\u00eda (3 hs.)<br \/>\nProcesos de Comunicaci\u00f3n (3 hs.)<br \/>\nProblem\u00e1ticas Sociot\u00e9cnicas 3( hs.)<br \/>\nDise\u00f1o y Producci\u00f3n Tecnol\u00f3gica IV (3 hs.)<br \/>\nTaller de Producci\u00f3n (2 hs.)<\/p>\n<p style=\"padding-left: 40px;\"><em><strong>Unidades curriculares 1\u00b0 cuatrimestre<\/strong><\/em><\/p>\n<p style=\"padding-left: 80px;\">UDI I (1\u00b0 Cuatrimestre) (3 hs.)<\/p>\n<p style=\"padding-left: 40px;\"><em><strong>Unidades curriculares 2\u00b0 cuatrimestre<\/strong><\/em><\/p>\n<p style=\"padding-left: 80px;\">UDI II (2\u00b0 Cuatrimestre) (3 hs.)<\/p>\n<h4>Perfil del egresado<\/h4>\n<p>Se entiende al docente como un profesional en formaci\u00f3n permanente, cuya identidad no se completa con el egreso del profesorado, sino que se construye continuamente a trav\u00e9s de las tareas de aprender, interrogar, buscar, imaginar, proyectar y reflexionar, experiencias inseparables de la ense\u00f1anza. Su labor, concebida como una praxis \u00e9tico-pol\u00edtica, requiere tanto el dominio de los campos disciplinares como el desarrollo del pensamiento cr\u00edtico, la toma de decisiones aut\u00f3nomas y el trabajo colaborativo basado en principios democr\u00e1ticos. En este marco, se busca formar docentes con autoridad pedag\u00f3gica y disciplinar, entendida como la capacidad profesional y \u00e9tica de realizar intervenciones fundamentadas que consideren las particularidades de las situaciones escolares y generen oportunidades de aprendizaje para todos, mediante propuestas de ense\u00f1anza que contemplen las necesidades educativas y los contextos sociales, hist\u00f3ricos, ling\u00fc\u00edsticos y culturales de la realidad provincial..<\/p>\n","protected":false},"excerpt":{"rendered":"<p>Profesorado de Educaci\u00f3n Tecnol\u00f3gica Profesor\/a de Educaci\u00f3n Tecnol\u00f3gica Resoluci\u00f3n 2719\/14 Plan de estudios \u2207Descargar el dise\u00f1o curricular 1er a\u00f1o Unidades curriculares anuales Pedagog\u00eda (3 hs.) Movimiento y Cuerpo (3 hs.) Pr\u00e1ctica Docente I (3 hs.) Introducci\u00f3n a la Tecnolog\u00eda (3 hs.) Historia de la Tecnolog\u00eda(3 hs.) Dise\u00f1o y Producci\u00f3n Tecnol\u00f3gica I (5 hs.) Matem\u00e1tica (5 &#8230; <a title=\"Profesorado de Educaci\u00f3n Tecnol\u00f3gica\" class=\"read-more\" href=\"https:\/\/isp65-sfe.infd.edu.ar\/sitio\/profesorado-de-educacion-tecnologica\/\" aria-label=\"More on Profesorado de Educaci\u00f3n Tecnol\u00f3gica\">[+]<\/a><\/p>\n","protected":false},"author":13,"featured_media":0,"parent":0,"menu_order":0,"comment_status":"closed","ping_status":"closed","template":"","meta":[],"acf":[],"_links":{"self":[{"href":"https:\/\/isp65-sfe.infd.edu.ar\/sitio\/wp-json\/wp\/v2\/pages\/1466"}],"collection":[{"href":"https:\/\/isp65-sfe.infd.edu.ar\/sitio\/wp-json\/wp\/v2\/pages"}],"about":[{"href":"https:\/\/isp65-sfe.infd.edu.ar\/sitio\/wp-json\/wp\/v2\/types\/page"}],"author":[{"embeddable":true,"href":"https:\/\/isp65-sfe.infd.edu.ar\/sitio\/wp-json\/wp\/v2\/users\/13"}],"replies":[{"embeddable":true,"href":"https:\/\/isp65-sfe.infd.edu.ar\/sitio\/wp-json\/wp\/v2\/comments?post=1466"}],"version-history":[{"count":3,"href":"https:\/\/isp65-sfe.infd.edu.ar\/sitio\/wp-json\/wp\/v2\/pages\/1466\/revisions"}],"predecessor-version":[{"id":1486,"href":"https:\/\/isp65-sfe.infd.edu.ar\/sitio\/wp-json\/wp\/v2\/pages\/1466\/revisions\/1486"}],"wp:attachment":[{"href":"https:\/\/isp65-sfe.infd.edu.ar\/sitio\/wp-json\/wp\/v2\/media?parent=1466"}],"curies":[{"name":"wp","href":"https:\/\/api.w.org\/{rel}","templated":true}]}}