{"id":865,"date":"2020-10-24T16:10:00","date_gmt":"2020-10-24T19:10:00","guid":{"rendered":"https:\/\/isp65-sfe.infd.edu.ar\/sitio\/?page_id=865"},"modified":"2020-10-24T16:56:32","modified_gmt":"2020-10-24T19:56:32","slug":"nuestra-historia","status":"publish","type":"page","link":"https:\/\/isp65-sfe.infd.edu.ar\/sitio\/institucional\/nuestra-historia\/","title":{"rendered":"Nuestra Historia"},"content":{"rendered":"<h1><img decoding=\"async\" loading=\"lazy\" class=\"size-full wp-image-866 alignleft\" src=\"https:\/\/isp65-sfe.infd.edu.ar\/sitio\/wp-content\/uploads\/2020\/10\/g65_sepia.png\" alt=\"\" width=\"223\" height=\"149\" \/>Nuestra Historia<\/h1>\n<p>Este instituci\u00f3n educativa surge a partir de la inquietud de un grupo de vecinos de nuestra localidad que en el a\u00f1o 1987 deciden constituirse en Comisi\u00f3n Pro-Instituto Superior, teniendo en cuenta que en la localidad muchos alumnos no acced\u00edan a estudios de nivel terciario o universitario dada la situaci\u00f3n econ\u00f3mica que se viv\u00eda entonces y a la urgente necesidad de docentes primarios para satisfacer las demandas zonales.<\/p>\n<p>Esta comisi\u00f3n, se aboca a la tarea de recabar informaci\u00f3n en la localidad acerca de posibles alumnos y docentes interesados en unirse al proyecto de apertura del establecimiento, logr\u00e1ndose una respuesta extremadamente exitosa, que demostraba fehacientemente la veracidad del planteo inicial: exist\u00eda la imperiosa necesidad de creaci\u00f3n de un centro de estudios superiores que cubriera las expectativas de un grupo de personas que por diferentes causas no hab\u00edan podido acceder a ellos.<\/p>\n<p>La Comisi\u00f3n procede a la elaboraci\u00f3n de un proyecto y recibe por ello el apoyo inmediato y un\u00e1nime de personas particulares, instituciones y comercios locales, quienes se manifiestan a trav\u00e9s de notas, a favor de la concreci\u00f3n de tan caro anhelo.<br \/>\nEste proyecto fue elevado ante las autoridades ministeriales (Sr. Ministro Jorge Fern\u00e1ndez), quienes resolvieron aprobarlo, a trav\u00e9s del decreto 087 del 20 de marzo de 1989 se resuelve la creaci\u00f3n del Anexo San Vicente del Instituto Superior del Profesorado N\u00ba 2 \u201cJoaqu\u00edn V. Gonz\u00e1lez\u201d de la ciudad de Rafaela distante a 50 km.<br \/>\nDependiendo legalmente del Instituto Superior del Profesorado N\u00ba 2 y Jurisdiccionalmente de la Direcci\u00f3n Provincial de Educaci\u00f3n Superior del Ministerio de Educaci\u00f3n de la Pcia. de Santa Fe.<br \/>\nA partir de marzo de 1989, comienza la labor educativa; iniciando las actividades con la carrera de Profesor de Nivel Primario, Plan Decreto N\u00ba 830\/86.<br \/>\nYa en funcionamiento, y siempre atentos a las demandas de la localidad y la zona de influencia, comenzaron los tr\u00e1mites necesarios para concretar lo que en el inicio del ciclo lectivo 1990 ser\u00eda una realidad: la apertura del T\u00e9cnico Superior en Administraci\u00f3n que complementar\u00eda la oferta para quienes no tuvieran una orientaci\u00f3n hacia la formaci\u00f3n docente.<br \/>\nOferta que fue tomando diferentes matices, formatos y carreras, en la medida que se detectaban nuevos intereses, como ocurri\u00f3 en 1995 con la incorporaci\u00f3n como oferta formativa del Profesorado de Ciencias Econ\u00f3micas.<br \/>\nYa embarcados en la responsabilidad de formaci\u00f3n de j\u00f3venes y adultos, el ISP N\u00b02 Anexo San Vicente, en medio de la revoluci\u00f3n tecnol\u00f3gico inform\u00e1tica, en 1996 transforma su oferta t\u00e9cnico profesional a un perfil solicitado por el mundo del trabajo: Programador en Sistemas Administrativos Decreto N\u00ba 1760\/88.<br \/>\nEsta responsabilidad de formaci\u00f3n tambi\u00e9n contempla acciones de capacitaci\u00f3n continua de agentes en actividad, comenzando en 1999 el Curso de Capacitaci\u00f3n Pedag\u00f3gica para Profesionales y T\u00e9cnicos<br \/>\nLa transformaci\u00f3n emergente de los cambios curriculares y del mundo del trabajo, alcanz\u00f3 la oferta educativa del instituto, que tuvo una nueva transformaci\u00f3n, la apertura del Profesorado de 1\u00ba y 2\u00ba Ciclo de la E.G.B. Decreto N\u00ba 564\/02 y del T\u00e9cnico Superior en Administraci\u00f3n de Pymes Decreto N\u00ba 3529\/95. Oferta t\u00e9cnica que se completa en 2005 con una Especializaci\u00f3n: T\u00e9cnico Superior en Costos para Pymes.<br \/>\nEn 2006 y contemplando la realidad de nuestra regi\u00f3n comienzo el Pos t\u00edtulo de Especializaci\u00f3n Superior para Maestros Tutores de la EGB Rural que completa la oferta formativa.<br \/>\nAtendiendo a las necesidades de profesionales de la localidad y la zona, se considera oportuno reconvertir la oferta de formaci\u00f3n docente al Profesorado de Educaci\u00f3n Inicial, con una primera cohorte que inici\u00f3 su trayectoria en el a\u00f1o 2007 con el Plan Decreto 564\/02.<br \/>\nPlan que luego, y a partir del cambio curricular en el a\u00f1o 2009 con el nuevo Dise\u00f1o Curricular se reconvierte a la Estructura Curricular Decreto 529\/09<br \/>\nEn el a\u00f1o 2014, se detecta la necesidad de retomar la formaci\u00f3n de profesionales para el \u00e1rea ocupacional de la educaci\u00f3n primaria. Necesidad que es atendida a partir de la reconversi\u00f3n hacia la oferta de Profesorado de Educaci\u00f3n Primaria (Estructura Curricular Decreto 528\/09), con una excelente respuesta en la matr\u00edcula tanto de San Vicente como de localidades vecinas.<br \/>\nEn el a\u00f1o 2016, en un proceso jurisdiccional de escrituraci\u00f3n de dise\u00f1os curriculares, y con el objeto de acercar la formaci\u00f3n al mundo del trabajo, se concreta la aprobaci\u00f3n de la Estructura Curricular del Decreto 378\/16 T\u00e9cnico Superior en Gesti\u00f3n de las Organizaciones que vino, a partir de 2017, a efectivizar la reconversi\u00f3n de la oferta t\u00e9cnica.<br \/>\nDurante el a\u00f1o 2018, siempre contemplando las necesidades y perfiles profesionales demandados, se comienza a analizar la posibilidad de aperturar una nueva oferta de formaci\u00f3n t\u00e9cnica, que se concreta a partir del ciclo lectivo 2019: la Tecnicatura Superior en Higiene y Seguridad en el Trabajo (Plan <a href=\"https:\/\/isp65-sfe.infd.edu.ar\/sitio\/wp-content\/uploads\/2020\/10\/DECRETO-N-3012.pdf\" target=\"_blank\" rel=\"noopener\">Decreto 3012\/02<\/a>)<br \/>\nTranscurriendo el a\u00f1o del 30 aniversario de la creaci\u00f3n del instituto en la localidad, y por iniciativa institucional con el apoyo de autoridades pol\u00edticas locales, y departamentales, organizaciones y particulares, comienza a gestarse el sue\u00f1o de la independizaci\u00f3n.<br \/>\nEs as\u00ed que, en octubre de 2019, el entonces Gobernador de la Provincia de Santa Fe Ing. Miguel Lifschitz con el aval de la entonces Ministra de Educaci\u00f3n, Dra. Claudia Balagu\u00e9 a trav\u00e9s del <a href=\"https:\/\/isp65-sfe.infd.edu.ar\/sitio\/wp-content\/uploads\/2020\/10\/Dec-3114-19-ISP-N\u00ba65.pdf\" target=\"_blank\" rel=\"noopener\">Decreto 3114\/19<\/a> otorga la creaci\u00f3n por independizaci\u00f3n del Ex Anexo 2, del Instituto Superior del Profesorado N\u00b0 65 de la localidad de San Vicente.<br \/>\nEsta narrativa hist\u00f3rica pone de manifiesto la mirada institucional a lo largo de su recorrido.<\/p>\n<p style=\"text-align: center;\"><em>Ayer, hoy y siempre preocupados y ocupados en esta gran posibilidad para j\u00f3venes y adultos que eligen cambiar su calidad de vida a partir de la educaci\u00f3n como derecho\u2026<\/em><br \/>\n<em>Seguimos mirando nuestro entorno\u2026<\/em><br \/>\n<em>Seguimos transformando el presente y el futuro de nuestra sociedad a partir de la utop\u00eda de la formaci\u00f3n y la capacitaci\u00f3n permanente\u2026<\/em><br \/>\n<em>Estamos convencidos de la importancia de la Educaci\u00f3n Superior como elecci\u00f3n para todos y cada uno de los j\u00f3venes y adultos que conf\u00edan en la posibilidad del cambio social a partir de la formaci\u00f3n de profesionales y ciudadanos.<\/em><\/p>\n","protected":false},"excerpt":{"rendered":"<p>Nuestra Historia Este instituci\u00f3n educativa surge a partir de la inquietud de un grupo de vecinos de nuestra localidad que en el a\u00f1o 1987 deciden constituirse en Comisi\u00f3n Pro-Instituto Superior, teniendo en cuenta que en la localidad muchos alumnos no acced\u00edan a estudios de nivel terciario o universitario dada la situaci\u00f3n econ\u00f3mica que se viv\u00eda &#8230; <a title=\"Nuestra Historia\" class=\"read-more\" href=\"https:\/\/isp65-sfe.infd.edu.ar\/sitio\/institucional\/nuestra-historia\/\" aria-label=\"More on Nuestra Historia\">[+]<\/a><\/p>\n","protected":false},"author":13,"featured_media":0,"parent":683,"menu_order":3,"comment_status":"closed","ping_status":"closed","template":"","meta":[],"acf":[],"_links":{"self":[{"href":"https:\/\/isp65-sfe.infd.edu.ar\/sitio\/wp-json\/wp\/v2\/pages\/865"}],"collection":[{"href":"https:\/\/isp65-sfe.infd.edu.ar\/sitio\/wp-json\/wp\/v2\/pages"}],"about":[{"href":"https:\/\/isp65-sfe.infd.edu.ar\/sitio\/wp-json\/wp\/v2\/types\/page"}],"author":[{"embeddable":true,"href":"https:\/\/isp65-sfe.infd.edu.ar\/sitio\/wp-json\/wp\/v2\/users\/13"}],"replies":[{"embeddable":true,"href":"https:\/\/isp65-sfe.infd.edu.ar\/sitio\/wp-json\/wp\/v2\/comments?post=865"}],"version-history":[{"count":3,"href":"https:\/\/isp65-sfe.infd.edu.ar\/sitio\/wp-json\/wp\/v2\/pages\/865\/revisions"}],"predecessor-version":[{"id":890,"href":"https:\/\/isp65-sfe.infd.edu.ar\/sitio\/wp-json\/wp\/v2\/pages\/865\/revisions\/890"}],"up":[{"embeddable":true,"href":"https:\/\/isp65-sfe.infd.edu.ar\/sitio\/wp-json\/wp\/v2\/pages\/683"}],"wp:attachment":[{"href":"https:\/\/isp65-sfe.infd.edu.ar\/sitio\/wp-json\/wp\/v2\/media?parent=865"}],"curies":[{"name":"wp","href":"https:\/\/api.w.org\/{rel}","templated":true}]}}